*o + 106 = -4*r - 126, -4*o + 3*r = 260. Let p = o - -103. List the prime factors of p.
41
Let y(p) = 15*p + 188. List the prime factors of y(40).
2, 197
Suppose 0 = -3*q - 747 + 2826. Suppose 0 = 8*c - c - q. What are the prime factors of c?
3, 11
Suppose -6*x = 4*s - 2*x, -3*s + 2 = 2*x. Suppose -b = -4*y - 5*b + 200, -115 = -s*y + b. List the prime factors of y.
5, 11
Let l = 14 - 16. Let s(r) = -51*r. Let z be s(l). Suppose 0 = 5*h - 8*h + z. List the prime factors of h.
2, 17
Suppose 85*n - 87*n = -2*k + 6618, 0 = -2*k + n + 6615. List the prime factors of k.
2, 3, 19, 29
Let a = -368 - -184. Let r = -129 - a. List the prime factors of r.
5, 11
Let c(o) be the second derivative of -o**4/8 + 5*o**3/6 - 3*o**2/2 + o. Let h(s) be the first derivative of c(s). List the prime factors of h(-4).
17
Let z be (-8)/(-16) - 1166/(-4). Suppose 19*y - z = 15*y. What are the prime factors of y?
73
Suppose -4*t - t - 1715 = 0. Let a = -233 - t. What are the prime factors of a?
2, 5, 11
Let t(p) = 33*p - 1. Let x = -15 - -16. Let g be t(x). Suppose 7*f = 9*f - g. What are the prime factors of f?
2
Let d(n) be the second derivative of -20*n**3 - 4*n**2 + 3*n. Let u be d(-5). What are the prime factors of 1/(-4*(-4)/u)?
37
Suppose -14*p + 9672 - 2602 = 0. List the prime factors of p.
5, 101
Suppose 0 = -3*z - 5*f - 106 + 821, 0 = -4*z - 4*f + 956. List the prime factors of z.
2, 3, 5
Let g = 75 - 69. Suppose -g*r + 790 = -32. List the prime factors of r.
137
Let q(n) be the first derivative of n**3/3 - 11*n**2/2 - 15*n - 2. Let x = 53 + -40. List the prime factors of q(x).
11
Let b(q) = -1313*q**2 - 8*q + 12. Let y be b(4). List the prime factors of 4/(-38) - y/133.
2, 79
Let u(r) = -3*r + 20. Let h be u(6). Suppose h*i - i = 4*q + 9, 36 = 4*i + 4*q. Suppose i*z = 6*z + 177. What are the prime factors of z?
59
Let h(d) = -4*d**2 - 4*d. Let p be h(-4). Let z = p - -104. What are the prime factors of z?
2, 7
Suppose 2*h + y - 11 = 0, 4*h - 28 = -0*h - 4*y. Suppose -161 = h*q - 5*x + 139, -5*x = 0. Let d = -31 - q. What are the prime factors of d?
2, 11
Suppose -176 = -2*u - 3*d + 1001, -3*d - 2911 = -5*u. What are the prime factors of u?
2, 73
List the prime factors of (-370)/(-30)*237 - 7.
2, 3
List the prime factors of (7/(-21))/((-3)/(-1251))*-13.
13, 139
Let s(w) = w**2 + 7*w + 8. Let a be s(-6). Suppose 4 + 0 = a*y. Suppose 204 = y*t + t. What are the prime factors of t?
2, 17
Let l(c) = 13*c - 557. Let w be l(43). Let b be (-4)/6 - 28/(-6). Suppose w*h - 95 = -3*v, -v - 4*h + 155 = b*v. List the prime factors of v.
5, 7
Let y(r) = -r**3 + 2*r**2 - 9*r - 45. List the prime factors of y(-5).
5, 7
Let g(n) = n**2 + 9*n - 2. Let s be g(-2). What are the prime factors of (24/s)/(3/(-280))?
2, 5, 7
Suppose -4*p = g + 10 - 5, -2*g = 3*p - 5. Suppose -g*m + 14*m - 651 = 0. What are the prime factors of m?
3, 31
Let w be 3/(-1)*(-56)/(-42). Let c(p) = 2*p**2 - 4*p - 7. Let j be c(w). Suppose 3*g = 4 + j. List the prime factors of g.
3, 5
Suppose 128 = 2*p - 92. Suppose p = 5*x - 3*x. List the prime factors of x.
5, 11
Let a(t) = t**3 + t**2 + t + 85. Let d be a(0). Let u = -77 + d. What are the prime factors of u?
2
Suppose -2*o = 0, 2*o + 3*o = 2*f + 2. Let p(z) = z**2 + 34*z**2 - 8*z**2 + 7*z**2. List the prime factors of p(f).
2, 17
Let u(w) = w + 8. Let k be u(-5). Suppose 2*y - 9 = k. Suppose 5*l - y*l = -16. List the prime factors of l.
2
Suppose -31*l - 3*g = -30*l - 300, 0 = 2*l + 2*g - 580. What are the prime factors of l?
3, 5, 19
Suppose 4*j + 1082 = 3994. What are the prime factors of j?
2, 7, 13
Suppose -33 = 3*q + 3*v, -2*q + v = -3*v + 28. Let t(s) = -5*s + 7. Let n be t(-8). Let p = q + n. What are the prime factors of p?
5, 7
Let h be (51 + -4)/((-2)/(-2)). Let t = h + -3. List the prime factors of t.
2, 11
Let q(t) be the second derivative of t**4/12 - t**3/3 - 3*t**2 + 8*t. Let p be q(-3). Suppose p*j - 51 = 8*j. List the prime factors of j.
3, 17
List the prime factors of -1*((-5)/(-5) - 0)*-1060.
2, 5, 53
Let n be 116*(-2 - 63/(-12)). Let c = n - 253. What are the prime factors of c?
2, 31
Let p(j) = j**3 + 8*j**2 + 4*j + 14. Let h be p(-8). What are the prime factors of (12/h)/((-3)/252)?
2, 7
Suppose -5*y + 0*y = 4*n + 23, y = 4*n + 5. Let x(h) be the third derivative of h**5/12 + h**4/6 + h**3/3 + h**2. List the prime factors of x(n).
2, 7
Suppose 3*f - 111872 = -35*f. What are the prime factors of f?
2, 23
Let m(l) be the third derivative of -l**6/120 - 3*l**5/20 - l**4/12 + 3*l**3/2 + 2*l**2. Let d = 21 + -30. What are the prime factors of m(d)?
3
Let i(d) = d + 6. Let r be i(-5). List the prime factors of ((-180)/(-8)*10)/r - 1.
2, 7
Let b = 9 - -2. Let d = -5 + b. Suppose 5*c - d = 94. What are the prime factors of c?
2, 5
Let t(n) = -2*n + 14. Let w(u) = 4*u - 28. Let o(l) = 5*t(l) + 2*w(l). Let y be o(7). Let g = 11 - y. What are the prime factors of g?
11
Let h be 36/(-126) - -197*(-4)/(-14). What are the prime factors of ((-138)/(-8) - 0)/(21/h)?
2, 23
Suppose 2*p - 2*r = -p + 16, -3*r = -p + 10. List the prime factors of 64 + (p + -4 - -3).
67
Suppose 1217 = -4*m + 15033. Suppose -8*q = 3*q - m. What are the prime factors of q?
2, 157
Let c be 3 - 2/(2/3). Suppose c = -f + 3*u - 4, f + 3*u = -f + 10. List the prime factors of f.
2
Let s = -22 + 26. Suppose -3*t - 272 = -2*d, s*d + 189 = 4*t + 729. Suppose -5*n - 38 + d = 0. List the prime factors of n.
19
Let z(g) = -8*g + 5. Let h be z(-15). Suppose 22 = x + 4*f, -4*x + 38 = x + 2*f. Suppose -u = -x*u + h. What are the prime factors of u?
5
Suppose 7*s - 3*s - 12 = -v, -2*v = 5*s - 15. Suppose v = -2*b + 65 + 41. What are the prime factors of b?
53
Let a(w) = w**2 - 3*w + 2. Let p be a(3). Let l be (-2)/((-4)/p)*5. Suppose 3*c - 5*c + 23 = l*d, -c = d - 13. What are the prime factors of c?
2, 7
Let i be (-3 - (-20)/8)*6 - -6. Suppose 636 = 3*f + i*f. List the prime factors of f.
2, 53
Suppose -132 = -5*o - l, l = 3*o - l - 74. Suppose -o = -3*u + 427. What are the prime factors of u?
151
Let m = 2115 + -609. What are the prime factors of m?
2, 3, 251
Let p(f) = -4*f**2 - 2*f - 3. Let s be 1/((-10)/4 + 2). Let v be p(s). Let m = 28 + v. List the prime factors of m.
13
Let s(f) = -12*f + 6. Let v be s(4). Let n be -2 + (-9)/((-27)/v). What are the prime factors of (-32)/n - (-20 - -1)?
3, 7
Let q = -2208 - -4032. What are the prime factors of q?
2, 3, 19
Let r(g) be the second derivative of 7*g**3/2 - 5*g**2/2 - 25*g. List the prime factors of r(2).
37
Let u(y) = y**3 + 15*y**2 + 15*y + 15. Let v(h) = -h**3 - 6*h**2 - 3*h - 4. Let l be v(-5). Let x be u(l). List the prime factors of (3 - 25)/(x + -2).
2, 11
Suppose -263 + 76 = -4*g + f, -g + 61 = -5*f. What are the prime factors of g?
2, 23
Suppose -7*y = -16*y - 720. Let u = -53 - y. What are the prime factors of u?
3
Let f(o) be the second derivative of 2/3*o**3 - 7*o**2 + 0 + o. List the prime factors of f(10).
2, 13
Let j = -4 - -10. Suppose j*c - 2*p - 9 = c, -5*p = 5*c - 30. List the prime factors of c.
3
Suppose 2*c = 2*n + 4490, 4*c = 3*n + 26 + 8955. List the prime factors of c.
2, 1123
Suppose 0 = -2*n + 3*n + 4*a - 3459, 3*n = a + 10325. List the prime factors of n.
11, 313
Suppose -3*i = 3, 4*i - 4329 = -2*u - 1277. List the prime factors of u.
2, 191
Let s be (-3)/(-4)*(3 - -5). Suppose 3*c = -0 - s. Let u = c + 26. What are the prime factors of u?
2, 3
Suppose -2*s - s + 60 = 0. Let g be (-8)/s - 27/(-5). Suppose g*j = 48 + 37. List the prime factors of j.
17
Suppose 18*v = 21*v - 162. List the prime factors of v.
2, 3
Let x = -12 + 12. Suppose 70 = -x*i - 2*i. Let n = -16 - i. List the prime factors of n.
19
Let x(g) = 27*g**2 + 3*g - 3. Let r be x(2). Suppose 0 = 4*i - 4*c + 108, i + 5*c = 5*i + r. Let f = i - -34. List the prime factors of f.
2, 5
Let u(s) = -124*s**3 - s**2. Let l be u(-1). Let k = -72 + l. What are the prime factors of k?
3, 17
Let m(l) = -l**3 + 16*l**2 - 14*l + 6. List the prime factors of m(12).
2, 3, 23
Let j(x) = 562*x + 66. List the prime factors of j(3).
2, 3, 73
List the prime factors of 5/((-17)/(-6) - 1/3).
2
Suppose 4*i - 2 = 38. Let v = 25 - i. Let o = -1 + v. What are the prime factors of o?
2, 7
Let l be (-4)/(2*4/(-8)). Suppose -l*y + 2*y = -10. Suppose y = b - 12. List the 